{"id":207,"date":"2025-04-28T15:33:48","date_gmt":"2025-04-28T13:33:48","guid":{"rendered":"http:\/\/elsabozec.fr\/?page_id=207"},"modified":"2025-05-06T14:13:09","modified_gmt":"2025-05-06T12:13:09","slug":"a-propos","status":"publish","type":"page","link":"https:\/\/elsabozec.fr\/?page_id=207","title":{"rendered":"\u00c0 propos"},"content":{"rendered":"<div class=\"wp-block-image\">\n<figure class=\"aligncenter size-large is-resized\"><img loading=\"lazy\" decoding=\"async\" width=\"1024\" height=\"768\" src=\"https:\/\/elsabozec.fr\/wp-content\/uploads\/2025\/04\/IMG_4295-1024x768.jpg\" alt=\"\" class=\"wp-image-209\" style=\"width:511px;height:auto\" srcset=\"https:\/\/elsabozec.fr\/wp-content\/uploads\/2025\/04\/IMG_4295-1024x768.jpg 1024w, https:\/\/elsabozec.fr\/wp-content\/uploads\/2025\/04\/IMG_4295-300x225.jpg 300w, https:\/\/elsabozec.fr\/wp-content\/uploads\/2025\/04\/IMG_4295-768x576.jpg 768w, https:\/\/elsabozec.fr\/wp-content\/uploads\/2025\/04\/IMG_4295-1536x1152.jpg 1536w, https:\/\/elsabozec.fr\/wp-content\/uploads\/2025\/04\/IMG_4295-2048x1536.jpg 2048w, https:\/\/elsabozec.fr\/wp-content\/uploads\/2025\/04\/IMG_4295-416x312.jpg 416w\" sizes=\"auto, (max-width: 1024px) 100vw, 1024px\" \/><\/figure>\n<\/div>\n\n\n<p>Je suis Elsa Bozec, artiste designer et c\u00e9ramiste \u00e0 Toulouse o\u00f9 je cr\u00e9e des pi\u00e8ces utilitaires et d\u00e9coratives en petite s\u00e9rie. <\/p>\n\n\n\n<p>Mon travail est une  ode \u00e0 la m\u00e9moire des murs et \u00e0 l&rsquo;histoire des lieux qui m&rsquo;entourent. Chaque pi\u00e8ce que je cr\u00e9e est le fruit d&rsquo;une r\u00e9flexion profonde sur les ruines et les vestiges du pass\u00e9, ces t\u00e9moins silencieux qui portent en eux les r\u00e9cits d&rsquo;antan. J&rsquo;aime explorer ces espaces charg\u00e9s d&rsquo;histoires, o\u00f9 chaque fissure et chaque \u00e9raflure racontent une aventure, une \u00e9motion, une vie.<\/p>\n\n\n\n<p>Mon approche artistique repose sur l&rsquo;utilisation de mati\u00e8res brutes, que je s\u00e9lectionne avec soin pour leur authenticit\u00e9 et leur caract\u00e8re. L&rsquo;argile, la terre, et d&rsquo;autres mat\u00e9riaux naturels deviennent mes alli\u00e9s dans cette qu\u00eate de cr\u00e9ation. En les travaillant, je cherche \u00e0 capturer l&rsquo;essence m\u00eame de la nature, \u00e0 r\u00e9v\u00e9ler leur beaut\u00e9 int\u00e9rieure et \u00e0 les transformer en objets d&rsquo;art. Les couleurs que j&#8217;emploie sont inspir\u00e9es des teintes naturelles, min\u00e9rales, qui \u00e9voques la roche et des paysages. <\/p>\n\n\n\n<p>Chaque pi\u00e8ce que je fa\u00e7onne est une empreinte de ma main, une expression unique de mon savoir-faire et de ma sensibilit\u00e9. Je m&rsquo;efforce de cr\u00e9er des objets qui ne sont pas seulement esth\u00e9tiques, mais qui portent en eux une histoire, une \u00e2me. Chaque cr\u00e9ation est une pi\u00e8ce unique, invitant ceux qui la contemplent \u00e0 se plonger dans un univers o\u00f9 le pass\u00e9 et le pr\u00e9sent se rencontrent.<\/p>\n\n\n\n<p>Mon souhait est que mes \u0153uvres r\u00e9sonnent avec ceux qui les d\u00e9couvrent, qu&rsquo;elles suscitent des \u00e9motions et des souvenirs, et qu&rsquo;elles deviennent des compagnons de vie, t\u00e9moins d&rsquo;une histoire partag\u00e9e. En tant que c\u00e9ramiste, je m&rsquo;engage \u00e0 c\u00e9l\u00e9brer la beaut\u00e9 des imperfections et \u00e0 honorer le dialogue entre l&rsquo;art et la nature, entre l&rsquo;homme et son environnement.<\/p>\n\n\n\n<p><\/p>\n\n\n\n<p><\/p>\n","protected":false},"excerpt":{"rendered":"<p>Je suis Elsa Bozec, artiste designer et c\u00e9ramiste \u00e0 Toulouse o\u00f9 je cr\u00e9e des pi\u00e8ces utilitaires et d\u00e9coratives en petite s\u00e9rie. Mon travail est une ode \u00e0 la m\u00e9moire des murs et \u00e0 l&rsquo;histoire des lieux qui m&rsquo;entourent. Chaque pi\u00e8ce que je cr\u00e9e est le fruit d&rsquo;une r\u00e9flexion profonde sur les ruines et les vestiges [&hellip;]<\/p>\n","protected":false},"author":1,"featured_media":0,"parent":0,"menu_order":0,"comment_status":"closed","ping_status":"closed","template":"","meta":{"footnotes":""},"class_list":["post-207","page","type-page","status-publish","hentry"],"jetpack_sharing_enabled":true,"_links":{"self":[{"href":"https:\/\/elsabozec.fr\/index.php?rest_route=\/wp\/v2\/pages\/207","targetHints":{"allow":["GET"]}}],"collection":[{"href":"https:\/\/elsabozec.fr\/index.php?rest_route=\/wp\/v2\/pages"}],"about":[{"href":"https:\/\/elsabozec.fr\/index.php?rest_route=\/wp\/v2\/types\/page"}],"author":[{"embeddable":true,"href":"https:\/\/elsabozec.fr\/index.php?rest_route=\/wp\/v2\/users\/1"}],"replies":[{"embeddable":true,"href":"https:\/\/elsabozec.fr\/index.php?rest_route=%2Fwp%2Fv2%2Fcomments&post=207"}],"version-history":[{"count":6,"href":"https:\/\/elsabozec.fr\/index.php?rest_route=\/wp\/v2\/pages\/207\/revisions"}],"predecessor-version":[{"id":240,"href":"https:\/\/elsabozec.fr\/index.php?rest_route=\/wp\/v2\/pages\/207\/revisions\/240"}],"wp:attachment":[{"href":"https:\/\/elsabozec.fr\/index.php?rest_route=%2Fwp%2Fv2%2Fmedia&parent=207"}],"curies":[{"name":"wp","href":"https:\/\/api.w.org\/{rel}","templated":true}]}}